 + 6. Let h(a) be the second derivative of -1/6*a**3 - 12*a + 0*a**2 - 2/5*a**5 + 0 + 1/12*a**4. Give h(c).
-8
Suppose t + 4*t = 30. Let x(k) be the first derivative of -k**4/4 + 7*k**3/3 - 5*k**2/2 - 4*k + 7587. Give x(t).
2
Suppose -b + 16 = 3*b. Suppose 2*x + 4*f = x + 2, -6 = -3*x + 3*f. Let g(a) = 26 + 19 - 41 - x*a. What is g(b)?
-4
Let o(n) = n**3 + 3*n**2 - 2*n - 3. Let k be o(-3). Let i(c) be the first derivative of 3/2*c**2 - 2 + 1/4*c**4 - 3*c - c**3. What is i(k)?
6
Let f(u) = u**3 - u**2 + 7. Let v(h) = -h**2 + 2*h + 16. Let a be v(0). Suppose 13*n - a*n = 0. Suppose 23*m - 17*m = n. Determine f(m).
7
Let b(g) = 12*g + 1. Let s(k) = k. Let x(y) = -b(y) + 2*s(y). Let h be -5 - (-1 - (-21)/(-7)). What is x(h)?
9
Let f(w) = -w**3 - 122*w**2 + 356*w - 2389. Let s be f(-125). Let v(p) = 2*p**2 + 25*p - 23. What is v(s)?
19
Suppose 1175*w - 1165*w - 10 = 0. Let v(h) = 11*h**3 - h**2 + 3*h - 1. What is v(w)?
12
Let u(l) be the second derivative of -l**4/12 + 11*l**3/6 - 7*l**2/2 + 3049*l. Let z(r) = r**2 - 3*r - 7. Let f be z(6). Give u(f).
-7
Let i(t) = -t**3 + 7*t**2 + 4. Let k(c) = c + 13. Suppose 16 = -0*z - 2*z. Let x be k(z). Suppose -j + x*h - 3 = 0, -4*h + 5*h = 2*j - 12. Give i(j).
4
Suppose -17 + 1 = -3*o + 4*c, -3*c - 12 = 0. Let b(n) = n**2 + 3*n - 3. Let a be b(-6). Let l(j) = 2 - a + 3*j**2 - 2*j**2. Calculate l(o).
-13
Let v = 48 + -28. Let d = v - 26. Let m(y) = -y**3 - 5*y**2 + 3*y - 5. What is m(d)?
13
Let h be (1 - -1)*111/74. Let j(x) = -279 + 279 + 10*x**h. Give j(1).
10
Let o(h) = 4*h + 4. Suppose 4*m - 74 = 30. Let v = m + -23. Give o(v).
16
Suppose 0 = -2*c + 2*g + 12, -6 + 3 = c + 2*g. Let x(u) = 818*u - 4 - c + 2 - 819*u + 4. Determine x(-3).
2
Let n(b) = -8*b - b**2 + 0 - 3 + 0 + 6. Let c be -43*(-3)/(-15) + 27/45. What is n(c)?
3
Let i(v) = -4*v - 3. Let o(x) = 19*x + 53. Let b = -811 - -808. Let d be o(b). Calculate i(d).
13
Let r(f) = -28 + 118 - 29 - 33 - 21 - 6*f. Determine r(18).
-101
Let u(r) = 10*r - 161. Suppose 11*w - 7*w - 32 = 2*w. Calculate u(w).
-1
Let d(v) = 2*v + 2. Let n = -258 + 266. Let k(i) = -i**3 + 8*i**2 + i + 3. Let w be k(n). Calculate d(w).
24
Let d(c) = c**3 - 63*c**2 + 123*c - 94. Let x be d(61). Let h(m) = -2*m - 45. Determine h(x).
21
Let o(u) = -5*u**2 + 4*u + u**3 + 32 + 39*u - 55*u. Suppose 0 = -3*d + 5*p + 13, -3*d + 34 - 14 = 2*p. Let b be o(d). Let x(a) = -2*a + 4. What is x(b)?
12
Let t be (-10)/(30/(-27)) + -4. Let v(k) be the second derivative of k**3/6 - k**2/2 - 22*k. Give v(t).
4
Let q(s) = 41*s + 113. Let a(w) = 20*w. Let t(x) = 4*a(x) - q(x). Determine t(3).
4
Suppose 243*f - 260*f - 14 = 258. Let m(p) = -p**3 - 14*p**2 + 37*p + 56. Give m(f).
-24
Let d = 5 - 3. Let o be 4 + 0 + d + 0. Let p(k) be the first derivative of -k**3/3 + 3*k**2 - 5*k + 17343. Calculate p(o).
-5
Let y be (244/(-305) - 6/5)*-6. Let t(b) be the third derivative of 1/60*b**5 + 1/6*b**4 + 0 + 0*b - y*b**2 - 2/3*b**3. Calculate t(-5).
1
Let y(b) = -b**2 - 5*b - 3. Let h be y(-5). Let r(i) = -19*i - 18 + 13 + 31*i - 16*i. Give r(h).
7
Suppose -38*l + 1806 = 5*l. Let w(t) = -8 - t**2 - 6 - l*t - 40*t + 87*t. What is w(6)?
-20
Let u(y) = -8*y**2 + 5*y - 4. Let d(m) = 177*m**2 - 184*m**2 + m + 6*m - 4 - 2*m. Let v = 0 - 6. Let k(n) = v*u(n) + 7*d(n). Determine k(5).
-4
Let l(i) = 6*i**2 - 1 + 253*i - 517*i + 336*i. What is l(-12)?
-1
Let y be -10*(-276)/115*1/4. Let c(s) = 0*s - 4*s + 2*s + y*s. Determine c(-1).
-4
Suppose 2*z + 2 = -2. Let x be (z/(-5))/(9/(-135)). Let w(s) be the second derivative of s**3/6 + 4*s**2 + 242*s. What is w(x)?
2
Let v = 8 + -7. Let q(y) be the second derivative of y**4/6 + y**3/3 - y**2/2 + 2110*y. Give q(v).
3
Suppose 0 = 3*j - 18*j - 90. Let b(y) = y**2 + 12*y - 10. Let m be b(-13). Let h(a) = 0*a + 8 + 2*a - m. Determine h(j).
-7
Let a(f) = -6*f**3 - f. Let k be a(1). Let c be 8/(-28) + k/((-98)/4). Let z(t) = t + 1. Calculate z(c).
1
Let m(s) = 6*s. Let c be 2 + -6 - -1 - -6. Suppose 8 = -c*p + p. Let q be (-1)/p - 9/(-12). Determine m(q).
6
Suppose 6*y - 1 - 293 = 0. Let m(d) = 18*d - 2. Let f be m(3). Let q = f - y. Let t(o) = -3*o**2 + 2*o + 3. Give t(q).
-18
Let i(z) be the first derivative of 11*z**3/3 - z + 259. Let b be 4 + -4 + 1*5. Suppose b = -4*s + 1. Determine i(s).
10
Let m(g) = 298*g - 1391 + 426 + 671. Determine m(1).
4
Let s(b) = -35*b + 8. Let i(h) = -146*h + 38. Let z(n) = -i(n) + 4*s(n). Suppose -2*m + 5*m - 23 = -5*v, 0 = -m - 4. What is z(v)?
36
Let b(k) be the first derivative of -k**4/4 + 22*k**3/3 + 21*k**2/2 + 53*k - 1112. Calculate b(23).
7
Let m(n) = -11*n**3 - 6*n**2 + 9*n - 2. Let u(i) = 4*i**3 + 486*i**2 - 243*i + 123. Let o be u(-122). Calculate m(o).
-10
Let z(w) = -4*w + 41. Let l(j) = 4*j - 46. Let r(d) = 4*l(d) + 5*z(d). Let h(s) = -11*s + 59. Let i(f) = -3*h(f) + 8*r(f). Determine i(-6).
-15
Let u = -15614 + 15604. Let o(f) = -2*f**2 - 25*f - 7. What is o(u)?
43
Let c(d) = d**3 + 26*d + 22*d + 7 - 108*d + 25*d + 25*d - 5*d**2. Determine c(6).
-17
Let h(w) be the third derivative of -w**4/24 + 4*w**3/3 - 2*w**2 - 9*w - 54. Give h(-10).
18
Let u(g) be the second derivative of -19*g**3/6 + 55*g**2/2 - 6273*g. What is u(5)?
-40
Let p(q) = -26*q**2 + 90*q - 25. Let v(a) = -29*a**2 + 100*a - 28. Let r(k) = -10*p(k) + 9*v(k). Suppose -9 + 0 = -c + 3*l, 3*c + l + 13 = 0. Calculate r(c).
-11
Let w(t) be the third derivative of -t**6/120 + t**5/60 + t**4/24 - 2*t**3/3 - t**2 + 518*t. Determine w(-2).
6
Let p(k) = -k**2 - 2*k - 2. Suppose -7 + 2 = -r. Suppose -3*n = -r*s + 29, 9*n + 2*s + 1 = 6*n. What is p(n)?
-5
Let t(o) = 51*o + 303. Let y(k) = -14*k**2 - 74*k - 26. Let c be y(-5). Determine t(c).
-3
Let g(j) = 41*j**2 - 117*j + 10. Let d(h) = -19*h**2 + 54*h - 5. Let z(s) = 13*d(s) + 6*g(s). Determine z(4).
-21
Let m = -15 - -18. Suppose 0 = -n - m. Let x(q) be the third derivative of -q**6/120 - q**5/30 - q**3/2 - 129*q**2. Give x(n).
6
Let o(r) = r**2 - 6*r - 37. Suppose -627 = -24*n - 411. Calculate o(n).
-10
Let z(n) be the second derivative of 3*n**3/2 + 17*n**2/2 - 69*n. Let o(a) = 5*a + 10. Let u(h) = -11*o(h) + 6*z(h). Calculate u(-6).
-2
Let k(v) = v + 8. Let l be 2 + (-8)/28 + 46/14. Suppose -3*b - 6 = -5*b - l*y, -4 = -y. What is k(b)?
1
Let u be (0 - 3)/(14/(-196)). Let d = 44 - u. Let r(y) = 4*y**2 - 2*y - 11*y**d - y**3 + 8*y**2 - 1 + 2*y**3. Give r(2).
7
Let y(d) = -d**2 - 6. Let g be (-18 - -18)/(-1*1). Let a be y(g). Let p(h) = h**2 - 12. Let v(f) = -2*f**2 + f + 26. Let c(s) = -13*p(s) - 6*v(s). What is c(a)?
0
Let z = -4419 + 4427. Let x(b) = 4*b - 12. What is x(z)?
20
Suppose 0 = 6*i - 119 + 23. Suppose q - i = -3*j, -7 - 3 = -2*j. Let t(v) = -8*v**2 + v - 2. Give t(q).
-9
Let i(z) be the second derivative of -z**4/3 + 13*z**3/3 - 1485*z. Determine i(7).
-14
Let d(c) be the second derivative of -c**4/2 + 5*c**3/3 - c**2/2 + 7*c - 4. Let l(u) = -8*u**2 + 11*u - 1. Let r(t) = -5*d(t) + 4*l(t). Give r(-3).
1
Suppose -u + 115 = 3*c, -7*c = -3*c - 8. Let i = u + -100. Let y(f) = f**3 - 9*f**2. Determine y(i).
0
Let f(w) = 3*w + 3. Suppose 26*c + 41 - 24 = -113. Calculate f(c).
-12
Suppose -5*b + 3*z = 2*z - 51, -4*b = -2*z - 36. Let q(m) = -6*m - b + 8*m**2 - m**3 + 8 - 3*m**2 + 7. Determine q(4).
-4
Let l(m) = 291*m**2 - 5 - 293*m**2 - 12 + 2 - 3*m - 24. Calculate l(-6).
-93
Let y(a) = -a**2 + 7*a + 5. Suppose -279*u = -284*u - d + 32, 0 = -2*d + 4. Calculate y(u).
11
Let g = -249 + 252. Let c(j) = -g*j - 15 - 8 + 23. Give c(-3).
9
Let o be 0/1 - (-24)/3. Let w(f) = -4*f**3 + 145*f**2 + 6*f + 46. Let u(t) = -t**3 + 34*t**2 + 2*t + 11. Let c(v) = -13*u(v) + 3*w(v). What is c(o)?
-5
Let m(n) = -15*n + 113 - 122 + 2*n**2 - 2*n**2 - n**2 + 0*n**2. What is m(-12)?
27
Let f(q) = q**2 - q - 1. Suppose 4*g + 4*p - 16 = -4, 3*p = 12. Calculate f(g).
1
Let l(s) be the second derivative of s**5/10 - s**4/6 + s**3/6 + s. Let j be (-4572)/42 + 4/(-28). Let o = -107 - j. Calculate l(o).
10
Let m = -34 + 28. Let p(u) = -19*u**2 + 6*u + 10. Let s(n) = -41*n**2 + 12*n + 20. Let c(k) = m*s(k) + 13*p(k). Give c(7).
3
Suppose -g - 2*g - y = 51, -5*y = -5*g - 105. Let f(i) = -12*i - 221. Give f(g).
-5
Let o(n) be the second derivative of -n**5/20 - 5*n**4/6 - 2*n**3 - 21*n**2/2 - 887*n + 1. Determine o(-9).
6
Let d = -12840 + 12835. Let h